{"id":5579,"date":"2025-02-04T14:51:37","date_gmt":"2025-02-04T14:51:37","guid":{"rendered":"http:\/\/localhost\/gemso\/?post_type=product&#038;p=5579"},"modified":"2025-07-09T19:57:08","modified_gmt":"2025-07-09T19:57:08","slug":"la-fama","status":"publish","type":"product","link":"https:\/\/molinosgemso.com\/index.php\/product\/la-fama\/","title":{"rendered":"La Fama"},"content":{"rendered":"<p>Nuestra harinas preparadas La Fama son especiales para utilizarla en panader\u00edas y pasteler\u00eda, puedes ahorrar ingredientes comparado con la f\u00f3rmula tradicional, tus productos tiene mayor vida de anaquel conservando textura, aroma y sabor desde el primer d\u00eda. Tienes ahorro en tiempo y facilidad de manipulaci\u00f3n, mejor control de inventario y mermas.<\/p>\n","protected":false},"excerpt":{"rendered":"<p>Nuestra harinas preparadas La Fama son especiales para utilizarla en panader\u00edas y pasteler\u00eda, puedes ahorrar ingredientes comparado con la f\u00f3rmula tradicional, tus productos tiene mayor vida de anaquel conservando textura, aroma y sabor desde el primer d\u00eda. Tienes ahorro en tiempo y facilidad de manipulaci\u00f3n, mejor control de inventario y mermas.<\/p>\n<p>Para elaborar: Virginia, Pan Dulce, Preparadas para batidos y Pan de temporada<br \/>\nPresentaciones Saco 25 kg y Saco 22.7 kg<\/p>\n","protected":false},"featured_media":5580,"comment_status":"open","ping_status":"closed","template":"","meta":{"_joinchat":[]},"etheme_brands":[],"product_brand":[],"product_cat":[163],"product_tag":[],"class_list":{"0":"post-5579","1":"product","2":"type-product","3":"status-publish","4":"has-post-thumbnail","6":"product_cat-batidos","8":"first","9":"instock","10":"shipping-taxable","11":"product-type-simple"},"_links":{"self":[{"href":"https:\/\/molinosgemso.com\/index.php\/wp-json\/wp\/v2\/product\/5579"}],"collection":[{"href":"https:\/\/molinosgemso.com\/index.php\/wp-json\/wp\/v2\/product"}],"about":[{"href":"https:\/\/molinosgemso.com\/index.php\/wp-json\/wp\/v2\/types\/product"}],"replies":[{"embeddable":true,"href":"https:\/\/molinosgemso.com\/index.php\/wp-json\/wp\/v2\/comments?post=5579"}],"version-history":[{"count":3,"href":"https:\/\/molinosgemso.com\/index.php\/wp-json\/wp\/v2\/product\/5579\/revisions"}],"predecessor-version":[{"id":6984,"href":"https:\/\/molinosgemso.com\/index.php\/wp-json\/wp\/v2\/product\/5579\/revisions\/6984"}],"wp:featuredmedia":[{"embeddable":true,"href":"https:\/\/molinosgemso.com\/index.php\/wp-json\/wp\/v2\/media\/5580"}],"wp:attachment":[{"href":"https:\/\/molinosgemso.com\/index.php\/wp-json\/wp\/v2\/media?parent=5579"}],"wp:term":[{"taxonomy":"brand","embeddable":true,"href":"https:\/\/molinosgemso.com\/index.php\/wp-json\/wp\/v2\/etheme_brands?post=5579"},{"taxonomy":"product_brand","embeddable":true,"href":"https:\/\/molinosgemso.com\/index.php\/wp-json\/wp\/v2\/product_brand?post=5579"},{"taxonomy":"product_cat","embeddable":true,"href":"https:\/\/molinosgemso.com\/index.php\/wp-json\/wp\/v2\/product_cat?post=5579"},{"taxonomy":"product_tag","embeddable":true,"href":"https:\/\/molinosgemso.com\/index.php\/wp-json\/wp\/v2\/product_tag?post=5579"}],"curies":[{"name":"wp","href":"https:\/\/api.w.org\/{rel}","templated":true}]}}